{"id":2,"date":"2023-03-09T23:53:47","date_gmt":"2023-03-10T02:53:47","guid":{"rendered":"http:\/\/fundacioncompartir.org.ar\/?page_id=2"},"modified":"2023-03-23T20:36:39","modified_gmt":"2023-03-23T23:36:39","slug":"sample-page","status":"publish","type":"page","link":"https:\/\/fundacioncompartir.org.ar\/?page_id=2","title":{"rendered":"Equipo"},"content":{"rendered":"\t\t<div data-elementor-type=\"wp-page\" data-elementor-id=\"2\" class=\"elementor elementor-2\">\n\t\t\t\t\t\t<section class=\"elementor-section elementor-top-section elementor-element elementor-element-63e6249 elementor-section-full_width elementor-section-stretched elementor-section-height-default elementor-section-height-default\" data-id=\"63e6249\" data-element_type=\"section\" data-settings=\"{&quot;stretch_section&quot;:&quot;section-stretched&quot;}\">\n\t\t\t\t\t\t<div class=\"elementor-container elementor-column-gap-default\">\n\t\t\t\t\t<div class=\"elementor-column elementor-col-50 elementor-top-column elementor-element elementor-element-9e96b17\" data-id=\"9e96b17\" data-element_type=\"column\">\n\t\t\t<div class=\"elementor-widget-wrap elementor-element-populated\">\n\t\t\t\t\t\t<div class=\"elementor-element elementor-element-1f36fef elementor-widget elementor-widget-heading\" data-id=\"1f36fef\" data-element_type=\"widget\" data-widget_type=\"heading.default\">\n\t\t\t\t<div class=\"elementor-widget-container\">\n\t\t\t<style>\/*! elementor - v3.19.0 - 07-02-2024 *\/\n.elementor-heading-title{padding:0;margin:0;line-height:1}.elementor-widget-heading .elementor-heading-title[class*=elementor-size-]>a{color:inherit;font-size:inherit;line-height:inherit}.elementor-widget-heading .elementor-heading-title.elementor-size-small{font-size:15px}.elementor-widget-heading .elementor-heading-title.elementor-size-medium{font-size:19px}.elementor-widget-heading .elementor-heading-title.elementor-size-large{font-size:29px}.elementor-widget-heading .elementor-heading-title.elementor-size-xl{font-size:39px}.elementor-widget-heading .elementor-heading-title.elementor-size-xxl{font-size:59px}<\/style><h2 class=\"elementor-heading-title elementor-size-default\">Fundaci\u00f3n Compartir<\/h2>\t\t<\/div>\n\t\t\t\t<\/div>\n\t\t\t\t<div class=\"elementor-element elementor-element-5aba490 elementor-widget elementor-widget-heading\" data-id=\"5aba490\" data-element_type=\"widget\" data-widget_type=\"heading.default\">\n\t\t\t\t<div class=\"elementor-widget-container\">\n\t\t\t<p class=\"elementor-heading-title elementor-size-default\">Somos una ONG sin fines de lucro, abocada a trabajar desde la autogesti\u00f3n del ser humano en forma integral e incluido en la comunidad que lo contiene, tratando diferentes problem\u00e1ticas y realidades de nuestra sociedad en comunidades criollas rurales e ind\u00edgenas aut\u00f3ctonas en parajes y distintas provincias de la Rep\u00fablica Argentina.<\/p>\t\t<\/div>\n\t\t\t\t<\/div>\n\t\t\t\t\t<\/div>\n\t\t<\/div>\n\t\t\t\t<div class=\"elementor-column elementor-col-50 elementor-top-column elementor-element elementor-element-ed06a09\" data-id=\"ed06a09\" data-element_type=\"column\">\n\t\t\t<div class=\"elementor-widget-wrap elementor-element-populated\">\n\t\t\t\t\t\t<div class=\"elementor-element elementor-element-15f4fcc elementor-widget elementor-widget-video\" data-id=\"15f4fcc\" data-element_type=\"widget\" data-settings=\"{&quot;youtube_url&quot;:&quot;https:\\\/\\\/youtu.be\\\/pX7FeqJRkpg&quot;,&quot;video_type&quot;:&quot;youtube&quot;,&quot;controls&quot;:&quot;yes&quot;}\" data-widget_type=\"video.default\">\n\t\t\t\t<div class=\"elementor-widget-container\">\n\t\t\t<style>\/*! elementor - v3.19.0 - 07-02-2024 *\/\n.elementor-widget-video .elementor-widget-container{overflow:hidden;transform:translateZ(0)}.elementor-widget-video .elementor-wrapper{aspect-ratio:var(--video-aspect-ratio)}.elementor-widget-video .elementor-wrapper iframe,.elementor-widget-video .elementor-wrapper video{height:100%;width:100%;display:flex;border:none;background-color:#000}@supports not (aspect-ratio:1\/1){.elementor-widget-video .elementor-wrapper{position:relative;overflow:hidden;height:0;padding-bottom:calc(100% \/ var(--video-aspect-ratio))}.elementor-widget-video .elementor-wrapper iframe,.elementor-widget-video .elementor-wrapper video{position:absolute;top:0;right:0;bottom:0;left:0}}.elementor-widget-video .elementor-open-inline .elementor-custom-embed-image-overlay{position:absolute;top:0;right:0;bottom:0;left:0;background-size:cover;background-position:50%}.elementor-widget-video .elementor-custom-embed-image-overlay{cursor:pointer;text-align:center}.elementor-widget-video .elementor-custom-embed-image-overlay:hover .elementor-custom-embed-play i{opacity:1}.elementor-widget-video .elementor-custom-embed-image-overlay img{display:block;width:100%;aspect-ratio:var(--video-aspect-ratio);-o-object-fit:cover;object-fit:cover;-o-object-position:center center;object-position:center center}@supports not (aspect-ratio:1\/1){.elementor-widget-video .elementor-custom-embed-image-overlay{position:relative;overflow:hidden;height:0;padding-bottom:calc(100% \/ var(--video-aspect-ratio))}.elementor-widget-video .elementor-custom-embed-image-overlay img{position:absolute;top:0;right:0;bottom:0;left:0}}.elementor-widget-video .e-hosted-video .elementor-video{-o-object-fit:cover;object-fit:cover}.e-con-inner>.elementor-widget-video,.e-con>.elementor-widget-video{width:var(--container-widget-width);--flex-grow:var(--container-widget-flex-grow)}<\/style>\t\t<div class=\"elementor-wrapper elementor-open-inline\">\n\t\t\t<div class=\"elementor-video\"><\/div>\t\t<\/div>\n\t\t\t\t<\/div>\n\t\t\t\t<\/div>\n\t\t\t\t\t<\/div>\n\t\t<\/div>\n\t\t\t\t\t<\/div>\n\t\t<\/section>\n\t\t\t\t<section class=\"elementor-section elementor-top-section elementor-element elementor-element-8238b52 elementor-section-full_width elementor-section-height-min-height elementor-section-stretched elementor-section-height-default elementor-section-items-middle\" data-id=\"8238b52\" data-element_type=\"section\" data-settings=\"{&quot;stretch_section&quot;:&quot;section-stretched&quot;,&quot;background_background&quot;:&quot;classic&quot;}\">\n\t\t\t\t\t\t<div class=\"elementor-container elementor-column-gap-default\">\n\t\t\t\t\t<div class=\"elementor-column elementor-col-100 elementor-top-column elementor-element elementor-element-61f89b9\" data-id=\"61f89b9\" data-element_type=\"column\">\n\t\t\t<div class=\"elementor-widget-wrap elementor-element-populated\">\n\t\t\t\t\t\t<div class=\"elementor-element elementor-element-75c22c8 elementor-widget elementor-widget-heading\" data-id=\"75c22c8\" data-element_type=\"widget\" data-widget_type=\"heading.default\">\n\t\t\t\t<div class=\"elementor-widget-container\">\n\t\t\t<h2 class=\"elementor-heading-title elementor-size-default\">Palabras de nuestro Presidente<\/h2>\t\t<\/div>\n\t\t\t\t<\/div>\n\t\t\t\t<div class=\"elementor-element elementor-element-8f5dcb1 elementor-widget elementor-widget-text-editor\" data-id=\"8f5dcb1\" data-element_type=\"widget\" data-widget_type=\"text-editor.default\">\n\t\t\t\t<div class=\"elementor-widget-container\">\n\t\t\t<style>\/*! elementor - v3.19.0 - 07-02-2024 *\/\n.elementor-widget-text-editor.elementor-drop-cap-view-stacked .elementor-drop-cap{background-color:#69727d;color:#fff}.elementor-widget-text-editor.elementor-drop-cap-view-framed .elementor-drop-cap{color:#69727d;border:3px solid;background-color:transparent}.elementor-widget-text-editor:not(.elementor-drop-cap-view-default) .elementor-drop-cap{margin-top:8px}.elementor-widget-text-editor:not(.elementor-drop-cap-view-default) .elementor-drop-cap-letter{width:1em;height:1em}.elementor-widget-text-editor .elementor-drop-cap{float:left;text-align:center;line-height:1;font-size:50px}.elementor-widget-text-editor .elementor-drop-cap-letter{display:inline-block}<\/style>\t\t\t\t<div class=\"message-2CShn3 cozyMessage-1DWF9U wrapper-30-Nkg cozy-VmLDNB zalgo-26OfGz\" tabindex=\"-1\" role=\"article\" data-list-item-id=\"chat-messages___chat-messages-1083537381979869189-1083890785914724372\" aria-setsize=\"-1\" aria-roledescription=\"Mensaje\" aria-labelledby=\"message-username-1083890768109908049 uid_4 message-content-1083890785914724372 uid_5 message-timestamp-1083890785914724372\"><div class=\"contents-2MsGLg\"><p id=\"message-content-1083890785914724372\" class=\"markup-eYLPri messageContent-2t3eCI\" style=\"font-size: 25px;\">&#8220;En lo personal, despu\u00e9s de haber vivido por m\u00e1s de seis a\u00f1os como uno m\u00e1s de ellos en distintas comunidades ubicadas en monte chaco salte\u00f1o, chaco impenetrable y visitas peri\u00f3dicas a Formosa y Misiones, he tenido la oportunidad de profundizar la cosmovisi\u00f3n de las distintas etnias de los pueblos originarios y conocer no solo sus escalas de valores sino aquello que m\u00e1s los dignifica y le da sentido de pertenencia como pueblo y como ser individual que es: El trabajo artesanal que realizan con sus propias manos.&#8221;<\/p><\/div><\/div>\t\t\t\t\t\t<\/div>\n\t\t\t\t<\/div>\n\t\t\t\t<div class=\"elementor-element elementor-element-d1939b3 elementor-widget elementor-widget-text-editor\" data-id=\"d1939b3\" data-element_type=\"widget\" data-widget_type=\"text-editor.default\">\n\t\t\t\t<div class=\"elementor-widget-container\">\n\t\t\t\t\t\t\t<div class=\"message-2CShn3 cozyMessage-1DWF9U wrapper-30-Nkg cozy-VmLDNB zalgo-26OfGz\" tabindex=\"-1\" role=\"article\" data-list-item-id=\"chat-messages___chat-messages-1083537381979869189-1083890974540964001\" aria-setsize=\"-1\" aria-roledescription=\"Mensaje\" aria-labelledby=\"message-username-1083890768109908049 uid_4 message-content-1083890974540964001 uid_5 message-timestamp-1083890974540964001\"><div class=\"contents-2MsGLg\"><div id=\"message-content-1083890974540964001\" class=\"markup-eYLPri messageContent-2t3eCI\"><p>EDGAR MAZZALAY<\/p><p>Presidente de fundaci\u00f3n Compartir<\/p><\/div><\/div><\/div>\t\t\t\t\t\t<\/div>\n\t\t\t\t<\/div>\n\t\t\t\t\t<\/div>\n\t\t<\/div>\n\t\t\t\t\t<\/div>\n\t\t<\/section>\n\t\t\t\t<section class=\"elementor-section elementor-top-section elementor-element elementor-element-069e0aa elementor-section-full_width elementor-section-stretched elementor-section-height-default elementor-section-height-default\" data-id=\"069e0aa\" data-element_type=\"section\" data-settings=\"{&quot;stretch_section&quot;:&quot;section-stretched&quot;}\">\n\t\t\t\t\t\t<div class=\"elementor-container elementor-column-gap-default\">\n\t\t\t\t\t<div class=\"elementor-column elementor-col-50 elementor-top-column elementor-element elementor-element-cbe9820\" data-id=\"cbe9820\" data-element_type=\"column\">\n\t\t\t<div class=\"elementor-widget-wrap elementor-element-populated\">\n\t\t\t\t\t\t<div class=\"elementor-element elementor-element-35819ce elementor-widget elementor-widget-heading\" data-id=\"35819ce\" data-element_type=\"widget\" data-widget_type=\"heading.default\">\n\t\t\t\t<div class=\"elementor-widget-container\">\n\t\t\t<h2 class=\"elementor-heading-title elementor-size-default\">Historia<\/h2>\t\t<\/div>\n\t\t\t\t<\/div>\n\t\t\t\t<div class=\"elementor-element elementor-element-5d42ee7 elementor-widget elementor-widget-heading\" data-id=\"5d42ee7\" data-element_type=\"widget\" data-widget_type=\"heading.default\">\n\t\t\t\t<div class=\"elementor-widget-container\">\n\t\t\t<p class=\"elementor-heading-title elementor-size-default\">La fundaci\u00f3n nace de la iniciativa de Edgar Mazzalay, quien vivi\u00f3 en las comunidades del impenetrable, sufri\u00f3 las mismas necesidades y fue conmovido por la realidad de miles de familias sumergidas en la pobreza y el desamparo.\n\nAl culminar su viaje regreso para formar la ONG Fundaci\u00f3n Compartir, con el prop\u00f3sito de contrarrestar la realidad de las comunidades, llevar ayuda y mejorar las condiciones en que viven los pueblos originarios. Hoy hace m\u00e1s de quince a\u00f1os que estamos en contacto con distintas comunidades originarias de Argentina y esto nos ha hecho comprender la manera en que toda la sociedad puede colaborar con estas familias para dignificar su trabajo y su vida.<\/p>\t\t<\/div>\n\t\t\t\t<\/div>\n\t\t\t\t\t<\/div>\n\t\t<\/div>\n\t\t\t\t<div class=\"elementor-column elementor-col-50 elementor-top-column elementor-element elementor-element-7dc27f4\" data-id=\"7dc27f4\" data-element_type=\"column\">\n\t\t\t<div class=\"elementor-widget-wrap elementor-element-populated\">\n\t\t\t\t\t\t<div class=\"elementor-element elementor-element-cacfd90 elementor-widget elementor-widget-image\" data-id=\"cacfd90\" data-element_type=\"widget\" data-widget_type=\"image.default\">\n\t\t\t\t<div class=\"elementor-widget-container\">\n\t\t\t<style>\/*! elementor - v3.19.0 - 07-02-2024 *\/\n.elementor-widget-image{text-align:center}.elementor-widget-image a{display:inline-block}.elementor-widget-image a img[src$=\".svg\"]{width:48px}.elementor-widget-image img{vertical-align:middle;display:inline-block}<\/style>\t\t\t\t\t\t\t\t\t\t<img fetchpriority=\"high\" decoding=\"async\" width=\"640\" height=\"424\" src=\"https:\/\/fundacioncompartir.org.ar\/wp-content\/uploads\/2023\/03\/escanear0027-1024x678.jpg\" class=\"attachment-large size-large wp-image-243\" alt=\"\" srcset=\"https:\/\/fundacioncompartir.org.ar\/wp-content\/uploads\/2023\/03\/escanear0027-1024x678.jpg 1024w, https:\/\/fundacioncompartir.org.ar\/wp-content\/uploads\/2023\/03\/escanear0027-300x199.jpg 300w, https:\/\/fundacioncompartir.org.ar\/wp-content\/uploads\/2023\/03\/escanear0027-768x508.jpg 768w, https:\/\/fundacioncompartir.org.ar\/wp-content\/uploads\/2023\/03\/escanear0027.jpg 1189w\" sizes=\"(max-width: 640px) 100vw, 640px\" \/>\t\t\t\t\t\t\t\t\t\t\t\t\t<\/div>\n\t\t\t\t<\/div>\n\t\t\t\t\t<\/div>\n\t\t<\/div>\n\t\t\t\t\t<\/div>\n\t\t<\/section>\n\t\t\t\t<section class=\"elementor-section elementor-top-section elementor-element elementor-element-e7dc2bf elementor-section-full_width elementor-section-stretched elementor-section-height-default elementor-section-height-default\" data-id=\"e7dc2bf\" data-element_type=\"section\" data-settings=\"{&quot;stretch_section&quot;:&quot;section-stretched&quot;}\">\n\t\t\t\t\t\t<div class=\"elementor-container elementor-column-gap-default\">\n\t\t\t\t\t<div class=\"elementor-column elementor-col-50 elementor-top-column elementor-element elementor-element-90296b9\" data-id=\"90296b9\" data-element_type=\"column\">\n\t\t\t<div class=\"elementor-widget-wrap elementor-element-populated\">\n\t\t\t\t\t\t<div class=\"elementor-element elementor-element-132e529 elementor-widget elementor-widget-image\" data-id=\"132e529\" data-element_type=\"widget\" data-widget_type=\"image.default\">\n\t\t\t\t<div class=\"elementor-widget-container\">\n\t\t\t\t\t\t\t\t\t\t\t\t\t<img decoding=\"async\" width=\"640\" height=\"360\" src=\"https:\/\/fundacioncompartir.org.ar\/wp-content\/uploads\/2023\/03\/521642_524864994244799_305019770_n.jpg\" class=\"attachment-large size-large wp-image-244\" alt=\"\" srcset=\"https:\/\/fundacioncompartir.org.ar\/wp-content\/uploads\/2023\/03\/521642_524864994244799_305019770_n.jpg 960w, https:\/\/fundacioncompartir.org.ar\/wp-content\/uploads\/2023\/03\/521642_524864994244799_305019770_n-300x169.jpg 300w, https:\/\/fundacioncompartir.org.ar\/wp-content\/uploads\/2023\/03\/521642_524864994244799_305019770_n-768x432.jpg 768w\" sizes=\"(max-width: 640px) 100vw, 640px\" \/>\t\t\t\t\t\t\t\t\t\t\t\t\t<\/div>\n\t\t\t\t<\/div>\n\t\t\t\t\t<\/div>\n\t\t<\/div>\n\t\t\t\t<div class=\"elementor-column elementor-col-50 elementor-top-column elementor-element elementor-element-366da74\" data-id=\"366da74\" data-element_type=\"column\">\n\t\t\t<div class=\"elementor-widget-wrap elementor-element-populated\">\n\t\t\t\t\t\t<div class=\"elementor-element elementor-element-818f77e elementor-widget elementor-widget-heading\" data-id=\"818f77e\" data-element_type=\"widget\" data-widget_type=\"heading.default\">\n\t\t\t\t<div class=\"elementor-widget-container\">\n\t\t\t<h2 class=\"elementor-heading-title elementor-size-default\">El equipo<\/h2>\t\t<\/div>\n\t\t\t\t<\/div>\n\t\t\t\t<div class=\"elementor-element elementor-element-c7156a0 elementor-widget elementor-widget-text-editor\" data-id=\"c7156a0\" data-element_type=\"widget\" data-widget_type=\"text-editor.default\">\n\t\t\t\t<div class=\"elementor-widget-container\">\n\t\t\t\t\t\t\t<div class=\" clearfix \" style=\"color: #000000; font-family: 'Open Sans'; font-size: medium;\"><div style=\"padding: 0px;\"><p style=\"font-family: 'Open Sans'; font-size: 17px; padding: 0px 0px 0px 40px; color: #808080; line-height: 30px;\">Llevamos trabajando desde 1995 con distintas comunidades originarias de Argentina. Esto nos ha hecho comprender que una manera de colaborar con las mismas es ayudar a sus integrantes a dignificar su trabajo y su vida. Creemos qu\u00e9 sin los medios necesarios para poder instrumentar la tecnolog\u00eda y desarrollar los contactos id\u00f3neos en distintas partes del mundo, no tendremos la posibilidad de que las comunidades puedan acceder al mercado m\u00e1s amplio y globalizado y vivir con dignidad ganando su propio sustento.<\/p><\/div><\/div><div class=\" clearfix \" style=\"color: #000000; font-family: 'Open Sans'; font-size: medium;\"><div style=\"position: absolute; left: 0px;\">\u00a0<\/div><div style=\"padding: 0px;\"><p style=\"font-family: 'Open Sans'; font-size: 17px; padding: 0px 0px 0px 40px; color: #808080; line-height: 30px;\">Lo \u00fanico que requerimos es decisi\u00f3n, voluntad y algunos recursos que nos permitan llegar al lugar y acompa\u00f1ar a las comunidades en el desarrollo de proyecto.<\/p><\/div><\/div>\t\t\t\t\t\t<\/div>\n\t\t\t\t<\/div>\n\t\t\t\t\t<\/div>\n\t\t<\/div>\n\t\t\t\t\t<\/div>\n\t\t<\/section>\n\t\t\t\t<\/div>\n\t\t","protected":false},"excerpt":{"rendered":"<p>Fundaci\u00f3n Compartir Somos una ONG sin fines de lucro, abocada a trabajar desde la autogesti\u00f3n del ser humano en forma integral e incluido en la comunidad que lo contiene, tratando diferentes problem\u00e1ticas y realidades de nuestra sociedad en comunidades criollas rurales e ind\u00edgenas aut\u00f3ctonas en parajes y distintas provincias de la Rep\u00fablica Argentina. Palabras de nuestro Presidente &#8220;En lo personal,&#8230;<\/p>\n","protected":false},"author":1,"featured_media":0,"parent":0,"menu_order":0,"comment_status":"closed","ping_status":"closed","template":"","meta":{"footnotes":""},"_links":{"self":[{"href":"https:\/\/fundacioncompartir.org.ar\/index.php?rest_route=\/wp\/v2\/pages\/2"}],"collection":[{"href":"https:\/\/fundacioncompartir.org.ar\/index.php?rest_route=\/wp\/v2\/pages"}],"about":[{"href":"https:\/\/fundacioncompartir.org.ar\/index.php?rest_route=\/wp\/v2\/types\/page"}],"author":[{"embeddable":true,"href":"https:\/\/fundacioncompartir.org.ar\/index.php?rest_route=\/wp\/v2\/users\/1"}],"replies":[{"embeddable":true,"href":"https:\/\/fundacioncompartir.org.ar\/index.php?rest_route=%2Fwp%2Fv2%2Fcomments&post=2"}],"version-history":[{"count":69,"href":"https:\/\/fundacioncompartir.org.ar\/index.php?rest_route=\/wp\/v2\/pages\/2\/revisions"}],"predecessor-version":[{"id":1779,"href":"https:\/\/fundacioncompartir.org.ar\/index.php?rest_route=\/wp\/v2\/pages\/2\/revisions\/1779"}],"wp:attachment":[{"href":"https:\/\/fundacioncompartir.org.ar\/index.php?rest_route=%2Fwp%2Fv2%2Fmedia&parent=2"}],"curies":[{"name":"wp","href":"https:\/\/api.w.org\/{rel}","templated":true}]}}